Is 27394 a composite number?
True
Is 43424111 a prime number?
True
Is 2092019 prime?
True
Is 793469 prime?
False
Is 8624449 composite?
False
Is 50823637 a prime number?
True
Is 202691 a prime number?
False
Is 165103 a prime number?
True
Is 22701463 a prime number?
False
Is 60170843 prime?
False
Is 161432269 prime?
False
Is 25663361 a composite number?
False
Is 237178699 composite?
False
Is 89393627 a prime number?
True
Is 480215 a prime number?
False
Is 10837567 a composite number?
True
Is 104097857 a prime number?
False
Is 6169193 composite?
False
Is 19731473 prime?
True
Is 62116511 a prime number?
True
Is 340129462 a prime number?
False
Is 29489 prime?
False
Is 4855891 a prime number?
True
Is 140442149 composite?
False
Is 2685323 a composite number?
False
Is 1174943449 a composite number?
False
Is 11474287 a composite number?
True
Is 18505381 a composite number?
False
Is 4027513 composite?
True
Is 18119 prime?
True
Is 88648361 composite?
True
Is 398163589 a composite number?
False
Is 15724861 a composite number?
True
Is 17144117 a prime number?
True
Is 46675091 a prime number?
False
Is 4872919 composite?
False
Is 60803783 composite?
False
Is 103953761 composite?
False
Is 17668473 prime?
False
Is 371027 composite?
False
Is 176835709 a composite number?
False
Is 510877 prime?
False
Is 24083051 prime?
False
Is 33723551 composite?
False
Is 7349413 a composite number?
False
Is 32080901 a composite number?
True
Is 14054 prime?
False
Is 7768037 composite?
True
Is 70428973 a prime number?
True
Is 37790939 a prime number?
False
Is 1001206 composite?
True
Is 607183 a prime number?
False
Is 334632733 composite?
True
Is 325310501 a prime number?
True
Is 6535787 prime?
True
Is 6494107 a prime number?
False
Is 31780493 composite?
False
Is 5081519 a prime number?
True
Is 1259171 a prime number?
True
Is 602677 composite?
False
Is 30617437 a prime number?
True
Is 2719289 prime?
False
Is 9037617 a composite number?
True
Is 83654349 prime?
False
Is 30619403 a prime number?
True
Is 903527 a prime number?
True
Is 30416747 a composite number?
False
Is 7089477 prime?
False
Is 221358937 a prime number?
True
Is 1905409 a prime number?
False
Is 352928143 composite?
True
Is 6232727 composite?
True
Is 58711474 prime?
False
Is 177137834 a prime number?
False
Is 8580731 prime?
True
Is 47607298 composite?
True
Is 102881879 a composite number?
True
Is 579848147 composite?
True
Is 89810569 prime?
True
Is 1902559 prime?
False
Is 22251877 prime?
True
Is 25704571 a prime number?
True
Is 1636909 a prime number?
True
Is 3091973 a prime number?
True
Is 1029097 composite?
True
Is 42101 prime?
True
Is 49690307 a prime number?
True
Is 47346265 composite?
True
Is 147325001 composite?
True
Is 14660953 a composite number?
True
Is 4725157 a prime number?
False
Is 4202243 prime?
False
Is 63458821 a prime number?
True
Is 405553 composite?
False
Is 1780294 composite?
True
Is 1964903 a composite number?
True
Is 21850331 prime?
False
Is 34769803 a composite number?
True
Is 12170719 a prime number?
False
Is 11989763 a composite number?
False
Is 462443 a prime number?
True
Is 103787 a prime number?
True
Is 3673999 a prime number?
False
Is 40593251 prime?
True
Is 3214961 composite?
True
Is 42686543 composite?
False
Is 76720793 prime?
False
Is 4653241 a composite number?
True
Is 304925261 a prime number?
True
Is 1269419 composite?
True
Is 4939717 prime?
True
Is 43973021 a prime number?
False
Is 329860423 a composite number?
False
Is 2379023 a prime number?
True
Is 62741717 a prime number?
False
Is 34092271 a composite number?
True
Is 80849 a prime number?
True
Is 1240403 a composite number?
True
Is 4690219 prime?
True
Is 60943549 prime?
True
Is 11007569 composite?
False
Is 5576903 a composite number?
True
Is 17004773 a composite number?
True
Is 5431733 a composite number?
False
Is 9554917 a composite number?
True
Is 15178235 a prime number?
False
Is 40603543 a prime number?
False
Is 13833089 a composite number?
False
Is 266405501 prime?
True
Is 5306962 prime?
False
Is 4562737 a prime number?
False
Is 12444437 composite?
False
Is 9812819 a prime number?
False
Is 494122691 a prime number?
True
Is 422033855 a prime number?
False
Is 46312867 prime?
True
Is 52155611 prime?
True
Is 115466061 a prime number?
False
Is 25188743 prime?
False
Is 149519 prime?
True
Is 12410878 a composite number?
True
Is 70808161 composite?
False
Is 48121721 prime?
False
Is 3442217 a composite number?
False
Is 816827 a composite number?
True
Is 246384547 composite?
True
Is 15056989 a prime number?
False
Is 135760949 prime?
True
Is 11050187 a prime number?
False
Is 102864327 a composite number?
True
Is 51717037 a composite number?
True
Is 10005641 prime?
True
Is 6619889 a composite number?
False
Is 76364809 prime?
True
Is 3233209 prime?
False
Is 22051349 a prime number?
False
Is 265472639 a composite number?
False
Is 1308233 a composite number?
True
Is 31965509 composite?
False
Is 3371007 a composite number?
True
Is 1118713 composite?
False
Is 15128413 prime?
True
Is 5619413 composite?
False
Is 658303 a prime number?
True
Is 111224291 a prime number?
False
Is 1692589 prime?
True
Is 73971013 prime?
False
Is 15180551 composite?
False
Is 4949233 composite?
True
Is 32013071 prime?
False
Is 319419641 composite?
False
Is 8709991 composite?
False
Is 76956497 prime?
True
Is 1858049 prime?
False
Is 385811 a composite number?
False
Is 5514109 a composite number?
True
Is 12301879 a prime number?
True
Is 1250407 prime?
True
Is 1298971 a prime number?
False
Is 84462143 a prime number?
False
Is 11887373 composite?
False
Is 99807311 a prime number?
True
Is 14765971 a composite number?
True
Is 6145199 composite?
False
Is 107329927 a prime number?
False
Is 144452705 a composite number?
True
Is 333891527 a composite number?
False
Is 29816819 a composite number?
True
Is 88277587 composite?
True
Is 123639353 prime?
False
Is 4144961 prime?
True
Is 3156577 composite?
True
Is 7218163 prime?
False
Is 74322371 a prime number?
True
Is 239430799 a composite number?
True
Is 1991127 composite?
True
Is 1528823 a prime number?
True
Is 347723 a composite number?
True
Is 25309267 a prime number?
True
Is 194386979 composite?
False
Is 73607173 a composite number?
False
Is 12170713 a composite number?
False
Is 8683483 composite?
False
Is 97076158 prime?
False
Is 58663 prime?
False
Is 8698931 a prime number?
True
Is 18513329 composite?
False
Is 28004335 composite?
True
Is 47865989 prime?
True
Is 5192981 a prime number?
False
Is 189879821 a prime number?
True
Is 84579791 a composite number?
False
Is 5457811 prime?
True
Is 10167149 prime?
False
Is 38764001 a composite number?
False
Is 4297199 a composite number?
False
Is 48324499 a prime number?
False
Is 3672521 prime?
True
Is 19876819 composite?
False
Is 11065111 prime?
False
Is 6124691 a composite number?
False
Is 59543273 a composite number?
False
Is 231915289 composite?
False
Is 71705341 a composite number?
True
Is 55216103 composite?
True
Is 3136403 composite?
False
Is 96558119 a prime number?
False
Is 1103065 a prime number?
False
Is 167612957 prime?
False
Is 7555043 a composite number?
False
Is 645901 a prime number?
True
Is 134996461 a composite number?
True
Is 1056974965 prime?
False
Is 55742601 a prime number?
False
Is 38785655 prime?
False
Is 130607 composite?
True
Is 33967277 a prime number?
False
Is 1328693 a prime number?
False
Is 4669691 a composite number?
True
Is 2387431 prime?
True
Is 5727947 prime?
False
Is 1201307 composite?
False
Is 14222129 prime?
True
Is 252853 prime?
False
Is 278938243 a prime number?
True
Is 1245889 a prime number?
False
Is 72010013 a prime number?
False
Is 3504287 composite?
False
Is 9076451 a composite number?
False
Is 29141423 prime?
True
Is 64895263 a composite number?
False
Is 6760343 composite?
False
Is 9247193 a composite number?
True
Is 29827799 prime?
True
Is 41759011 a composite number?
True
Is 7303831 a prime number?
False
Is 352556279 prime?
False
Is 440497 prime?
True
Is 15725485 a prime number?
False
Is 205792871 composite?
True
Is 118405717 a prime number?
False
Is 1280651 a composite number?
False
Is 28345399 a prime number?
False
Is 67576573 a prime number?
False
Is 24188561 a prime number?
False
Is 14874523 prime?
False
Is 176438917 a prime number?
